the greatest common factor of 1 and 25340?
1
What is the highest common divisor of 3286 and 101230?
106
What is the greatest common factor of 6146 and 56?
14
What is the highest common factor of 45265 and 165?
55
Calculate the highest common factor of 70917 and 672.
21
Calculate the greatest common divisor of 4690 and 3080.
70
What is the greatest common factor of 275616 and 259956?
3132
What is the greatest common factor of 633338 and 314?
314
Calculate the greatest common factor of 12247 and 481.
37
What is the greatest common divisor of 2529 and 4491?
9
Calculate the greatest common factor of 16976 and 320.
16
Calculate the greatest common divisor of 263 and 23.
1
What is the highest common factor of 707 and 17473?
101
Calculate the greatest common factor of 15000 and 366250.
1250
What is the greatest common divisor of 68959 and 55?
11
Calculate the greatest common factor of 426504 and 312.
312
What is the highest common divisor of 486 and 138078?
54
Calculate the greatest common divisor of 1817010 and 2340.
1170
Calculate the highest common divisor of 269 and 445733.
269
What is the highest common factor of 330 and 2165?
5
What is the greatest common factor of 1840 and 137885?
115
Calculate the greatest common factor of 1429856 and 24.
8
What is the highest common factor of 58 and 404086?
58
Calculate the highest common factor of 4728615 and 4780.
1195
Calculate the greatest common factor of 1748 and 4636.
76
Calculate the highest common factor of 8844 and 858.
66
What is the highest common factor of 185 and 6772850?
185
Calculate the highest common factor of 6020 and 252.
28
What is the highest common factor of 117 and 14211?
9
What is the greatest common factor of 184 and 1105012?
92
Calculate the greatest common divisor of 10 and 1600490.
10
Calculate the greatest common factor of 8726 and 1.
1
What is the highest common divisor of 600 and 1976?
8
What is the highest common divisor of 22832 and 496?
16
What is the greatest common factor of 3310 and 2920?
10
What is the greatest common factor of 823383 and 99?
99
What is the highest common factor of 71024 and 4416?
368
What is the greatest common factor of 4482 and 41998?
166
Calculate the greatest common divisor of 1859 and 1654003.
169
Calculate the greatest common divisor of 287680 and 435.
145
What is the highest common factor of 57 and 1896162?
57
Calculate the highest common factor of 4318 and 32198.
34
What is the highest common factor of 4713360 and 160?
80
Calculate the greatest common divisor of 68715 and 351.
27
What is the greatest common factor of 252 and 523089?
63
Calculate the highest common divisor of 440904 and 408.
24
Calculate the greatest common divisor of 76725 and 675.
225
What is the greatest common factor of 20471 and 4213?
11
What is the highest common factor of 1167 and 389?
389
What is the greatest common factor of 48 and 16379040?
48
What is the greatest common factor of 255958 and 4?
2
Calculate the highest common divisor of 5194 and 1568.
98
What is the greatest common factor of 19160 and 1880?
40
What is the greatest common divisor of 35 and 431?
1
Calculate the highest common factor of 8 and 378232.
8
Calculate the greatest common divisor of 1224 and 722772.
612
What is the greatest common divisor of 624 and 2928?
48
Calculate the greatest common divisor of 5702 and 4.
2
What is the highest common factor of 1457 and 32953?
31
What is the highest common divisor of 3195422 and 68?
34
What is the highest common factor of 2613195 and 1170?
585
Calculate the greatest common factor of 385 and 1479995.
55
Calculate the highest common divisor of 19376 and 12208.
112
Calculate the greatest common factor of 33 and 3751.
11
Calculate the greatest common divisor of 5168 and 104.
8
Calculate the greatest common factor of 186 and 1893015.
93
What is the greatest common factor of 60 and 725436?
12
Calculate the greatest common factor of 4422 and 251317.
737
What is the highest common factor of 24910 and 276660?
530
Calculate the highest common divisor of 357 and 92361.
51
What is the highest common divisor of 256365 and 8991?
243
Calculate the highest common divisor of 5600 and 11480.
280
Calculate the greatest common divisor of 4780 and 1620.
20
Calculate the highest common divisor of 135 and 281124.
27
What is the highest common factor of 323 and 1577?
19
What is the highest common divisor of 2178545 and 5?
5
What is the highest common divisor of 646 and 102?
34
Calculate the highest common divisor of 56560 and 303.
101
What is the greatest common factor of 40 and 139120?
40
Calculate the highest common divisor of 57 and 84265.
19
Calculate the greatest common factor of 14 and 1602.
2
Calculate the greatest common divisor of 893807 and 3138.
523
Calculate the highest common factor of 2574 and 572.
286
Calculate the highest common divisor of 1634 and 8944.
86
What is the greatest common factor of 8325 and 1332?
333
What is the highest common factor of 57 and 444049?
19
Calculate the greatest common divisor of 165688 and 149.
149
What is the highest common factor of 254 and 64?
2
Calculate the highest common divisor of 334269 and 351.
117
Calculate the highest common factor of 70766 and 246.
82
Calculate the greatest common divisor of 20 and 12620.
20
Calculate the highest common divisor of 465 and 4665.
15
What is the highest common divisor of 143 and 2483?
13
Calculate the highest common factor of 385 and 1445045.
35
Calculate the greatest common divisor of 192 and 40104.
24
What is the highest common factor of 39 and 2901?
3
What is the highest common divisor of 112661 and 3?
1
What is the highest common factor of 175200 and 24?
24
Calculate the highest common divisor of 15 and 56085.
15
What is the greatest common factor of 14756 and 186?
62
Calculate the greatest common factor of 236098 and 9118.
194
Calculate the greatest common divisor of 239216 and 128.
16
Calculate the highest common divisor of 43 and 49708.
43
What is the highest common factor of 182 and 61126?
26
What is the greatest common factor of 460 and 4002?
46
Calculate the highest common factor of 3840 and 1624800.
480
What is the highest common divisor of 46 and 36662?
46
Calculate the greatest common divisor of 10962 and 333.
9
What is the greatest common divisor of 2600 and 936?
104
What is the greatest common divisor of 116416 and 192?
64
What is the greatest common divisor of 1500 and 25750?
250
What is the greatest common divisor of 56 and 158305?
7
Calculate the greatest common factor of 760 and 179455.
95
What is the highest common factor of 3456 and 27?
27
What is the greatest common divisor of 49 and 37583?
49
Calculate the greatest common factor of 54 and 860064.
6
Calculate the greatest common divisor of 32482 and 298.
298
Calculate the greatest common factor of 1638 and 922740.
546
What is the greatest common divisor of 476564 and 110?
22
What is the greatest common factor of 2950 and 63130?
590
What is the greatest common factor of 630 and 228942?
126
Calculate the greatest common divisor of 886 and 2331509.
443
Calculate the highest common factor of 8134 and 2208962.
1162
Calculate the greatest common factor of 1515 and 276235.
505
What is the highest common factor of 252 and 6244?
28
Calculate the highest common divisor of 364 and 33280.
52
Calculate the greatest common factor of 268 and 26867.
67
Calculate the greatest common divisor of 69 and 9131.
23
Calculate the greatest common divisor of 355 and 312400.
355
Calculate the greatest common factor of 1224 and 1256504.
136
Calculate the greatest common factor of 2289303 and 486.
243
Calculate the highest common factor of 355960 and 1408.
88
What is the highest common divisor of 630395 and 5?
5
Calculate the highest common factor of 24600 and 460.
20
Calculate the greatest common factor of 979 and 5416807.
979
What is the greatest common divisor of 4732 and 26702?
338
Calculate the greatest common divisor of 27 and 12321.
9
Calculate the greatest common divisor of 2623 and 2989.
61
Calculate the highest common divisor of 64 and 353728.
64
Calculate the greatest common factor of 3184 and 4378.
398
What is the greatest common factor of 2728084 and 148?
148
Calculate the greatest common factor of 171882 and 18.
18
What is the highest